{"id":8,"date":"2019-06-17T19:34:48","date_gmt":"2019-06-17T19:34:48","guid":{"rendered":"https:\/\/up.ise.md\/?page_id=8"},"modified":"2026-03-04T04:29:30","modified_gmt":"2026-03-04T04:29:30","slug":"conditii-de-publicare","status":"publish","type":"page","link":"https:\/\/up.upsc.md\/?page_id=8","title":{"rendered":"Drepturi de autor \u0219i de publicare"},"content":{"rendered":"<div class=\"entry\">\n<p>Revista \u0219tiin\u021bific\u0103\u00a0<em>Univers Pedagogic\u00a0<\/em>\u00a0permite autorului s\u0103 de\u021bin\u0103 drepturile de autor \u0219i s\u0103-\u0219i p\u0103streze drepturile asupra publica\u021biei f\u0103r\u0103 restric\u021bii.<\/p>\n<p>Revista promoveaz\u0103 o politic\u0103 editorial\u0103 de acces deschis la articolele inserate \u00een paginile sale fiind accesibil\u0103 cititorilor \u00een mod gratuit. Accesul deschis le permite tuturor acelora interesa\u0163i s\u0103 descarce, s\u0103 citeze, s\u0103 distribuie lucr\u0103rile publicate, respect\u00e2nd, totodat\u0103, legisla\u0163ia RM \u015fi dreptul interna\u0163ional privind drepturile de autor \u015fi conexe, prin men\u021bionarea surselor \u0219i a autorilor \u00een cazul cit\u0103rilor, semn\u00e2nd \u00een acest sens, concomitent cu prezentarea articolului la redac\u0163ie, o\u00a0<strong><em>Declara\u0163ie de autor<\/em><\/strong>, care s\u0103 exclud\u0103 plagiatul. Textul Declara\u021biei este prezentat la rubrica <strong><em>Cerin\u021bele tehnice de redactare a articolelor \u0219tiin\u021bifice<\/em><\/strong>.<\/p>\n<p>&nbsp;<\/p>\n<p>Revista este accesibil\u0103 \u015fi pentru autorii din alte \u0163\u0103ri, articolele fiind publicate \u00een principalele limbi de circula\u0163ie interna\u0163ional\u0103. Autorii \u00ee\u0219i p\u0103streaz\u0103 drepturile de autor f\u0103r\u0103 restric\u021bii \u0219i acord\u0103 revistei dreptul la prima publicare.<\/p>\n<p>Articolele \u0219tiin\u021bificele expediate spre publicare \u00een revist\u0103 nu con\u021bin nici un material str\u0103in de proprietate neprotejat prin brevet sau cerere de brevet. Responsabilitatea pentru con\u021binutul articolului \u0219tiin\u021bific \u0219i pentru protec\u021bia materialului propriu revine exclusiv autorilor \u0219i organiza\u021biilor acestora \u0219i nu este responsabilitatea redac\u021biei revistei\u00a0<em>Univers Pedagogic <\/em>\u00a0sau a personalului s\u0103u editorial. Autorul principal (primul\/corespondent) este responsabil pentru a se asigura c\u0103 articolul a fost v\u0103zut \u0219i aprobat de to\u021bi ceilal\u021bi autori. Este responsabilitatea autorului s\u0103 ob\u021bin\u0103 toate permisiunile necesare pentru dreptul de autor, pentru utilizarea oric\u0103ror materiale protejate prin drepturi de autor din manuscris \u00eenainte de trimitere la redac\u021bie.<\/p>\n<p><strong>Care sunt drepturile de autor?<\/strong><\/p>\n<p>Este important s\u0103 verifica\u021bi politica revistei la care trimite\u021bi sau publica\u021bi pentru a v\u0103 stabili drepturile de autor. Politicile noastre standard permit urm\u0103toarele drepturi de reutilizare:<\/p>\n<ul>\n<li>Pute\u021bi face orice dori\u021bi cu versiunea articolului pe care a\u021bi trimis-o revistei.<\/li>\n<li>Odat\u0103 ce articolul a fost acceptat pentru publicare, pute\u021bi posta versiunea acceptat\u0103 a articolului pe propriul site web personal, pe site-ul departamentului dumneavoastr\u0103 sau \u00een depozitul institu\u021biei dumneavoastr\u0103, f\u0103r\u0103 nici o restric\u021bie.<\/li>\n<li>Nu pute\u021bi posta versiunea acceptat\u0103 a articolului \u00een orice alt depozit dec\u00e2t cele enumerate mai sus (adic\u0103 nu pute\u021bi depune \u00een depozitul altei institu\u021bii sau altei reviste) p\u00e2n\u0103 la 12 luni de la publicarea articolului \u00een revist\u0103.<\/li>\n<li>Pute\u021bi folosi articolul publicat pentru propriile nevoi de predare sau pentru a furniza \u00een mod individual colegilor de cercetare, cu condi\u021bia ca aceast\u0103 furnizare s\u0103 nu fie \u00een scopuri comerciale.<\/li>\n<li>Pute\u021bi utiliza o parte din articolul publicat \u00eentr-o carte scris\u0103 sau publicat\u0103 de dvs. \u00een orice moment dup\u0103 publicarea \u00een revist\u0103. Acest lucru nu se aplic\u0103 c\u0103r\u021bilor \u00een care contribui\u021bi cu un capitol la o carte scris\u0103 sau editat\u0103 de altcineva.<\/li>\n<li>Nu pute\u021bi posta articolul publicat pe un site web sau \u00eentr-un depozit f\u0103r\u0103 permisiunea revistei.<\/li>\n<\/ul>\n<\/div>\n","protected":false},"excerpt":{"rendered":"<p>Revista \u0219tiin\u021bific\u0103\u00a0Univers Pedagogic\u00a0\u00a0permite autorului s\u0103 de\u021bin\u0103 drepturile de autor \u0219i s\u0103-\u0219i p\u0103streze drepturile asupra publica\u021biei f\u0103r\u0103 restric\u021bii. Revista promoveaz\u0103 o politic\u0103 editorial\u0103 de acces deschis la articolele inserate \u00een paginile sale fiind accesibil\u0103 cititorilor \u00een mod gratuit. Accesul deschis le permite tuturor acelora interesa\u0163i s\u0103 descarce, s\u0103 citeze, s\u0103 distribuie lucr\u0103rile publicate, respect\u00e2nd, totodat\u0103, legisla\u0163ia &#8230;<\/p>\n","protected":false},"author":1,"featured_media":0,"parent":0,"menu_order":0,"comment_status":"closed","ping_status":"closed","template":"","meta":{"footnotes":""},"class_list":["post-8","page","type-page","status-publish"],"_links":{"self":[{"href":"https:\/\/up.upsc.md\/index.php?rest_route=\/wp\/v2\/pages\/8","targetHints":{"allow":["GET"]}}],"collection":[{"href":"https:\/\/up.upsc.md\/index.php?rest_route=\/wp\/v2\/pages"}],"about":[{"href":"https:\/\/up.upsc.md\/index.php?rest_route=\/wp\/v2\/types\/page"}],"author":[{"embeddable":true,"href":"https:\/\/up.upsc.md\/index.php?rest_route=\/wp\/v2\/users\/1"}],"replies":[{"embeddable":true,"href":"https:\/\/up.upsc.md\/index.php?rest_route=%2Fwp%2Fv2%2Fcomments&post=8"}],"version-history":[{"count":18,"href":"https:\/\/up.upsc.md\/index.php?rest_route=\/wp\/v2\/pages\/8\/revisions"}],"predecessor-version":[{"id":1114,"href":"https:\/\/up.upsc.md\/index.php?rest_route=\/wp\/v2\/pages\/8\/revisions\/1114"}],"wp:attachment":[{"href":"https:\/\/up.upsc.md\/index.php?rest_route=%2Fwp%2Fv2%2Fmedia&parent=8"}],"curies":[{"name":"wp","href":"https:\/\/api.w.org\/{rel}","templated":true}]}}