{"id":714,"date":"2024-02-23T05:24:41","date_gmt":"2024-02-23T05:24:41","guid":{"rendered":"https:\/\/up.upsc.md\/?page_id=714"},"modified":"2025-07-14T17:24:53","modified_gmt":"2025-07-14T17:24:53","slug":"politica-revistei","status":"publish","type":"page","link":"https:\/\/up.upsc.md\/?page_id=714","title":{"rendered":"Scopul \u0219i obiectivele revistei"},"content":{"rendered":"<div class=\"entry\">\n<p>Revista a luat fiin\u021b\u0103 din dorin\u021ba de a pune la dispozi\u021bie comunit\u0103\u021bii educa\u021bionale studiile \u0219i cercet\u0103rile \u0219tiin\u021bifice din \u021bar\u0103 \u0219i din str\u0103in\u0103tate. \u00cen conformitate cu obiectivele stabilite\u00a0 ce reprezent\u0103, la nivel academic na\u021bional \u0219i interna\u021bional, un forum promotor al \u0219tiin\u021bei \u0219i educa\u021biei, revista propune comunit\u0103\u021bii educa\u021bionale publicarea celor mai importante studii \u0219i cercet\u0103ri \u0219tiin\u021bifice relevante \u00een vederea disemin\u0103rii lor la nivel na\u021bional \u0219i interna\u021bional.<\/p>\n<p>Revista este editat\u0103 trimestrial, cu versiunea de tipar ISSN 1811-5470 \u0219i cu versiunea electronic\u0103 E-ISSN 1857-4521.<\/p>\n<p><strong>Scopul revistei \u0219tiin\u021bifice:<\/strong><\/p>\n<p>Revista \u0219tiin\u021bific\u0103\u00a0<em>Univers Pedagogic\u00a0<\/em>are drep\u00a0<strong>scop<\/strong>\u00a0diseminarea rezultatelor investiga\u021biilor fundamentale \u0219i aplicative autentice ale cercet\u0103torilor din \u021bar\u0103 \u0219i de peste hotare \u00een domeniile <em>\u0218tiin\u021be ale educa\u021biei<\/em> \u00a0\u0219i <em>Psihologie<\/em>.<\/p>\n<p><strong>Principalele obiective ale revistei \u0219tiin\u021bifice:\u00a0<\/strong><\/p>\n<ul>\n<li>public\u0103 articole \u0219tiin\u021bifice privind cercet\u0103rile curente \u0219i tendin\u021bele de dezvoltare a investiga\u021biilor \u0219tiin\u021bifice \u00een domeniile <em>\u0218tiin\u021be ale Educa\u021biei<\/em> \u0219i <em>Psihologie<\/em>;<\/li>\n<li>disemineaz\u0103 rezultatele \u0219tiin\u021bifice ale savan\u021bilor \u0219i cercet\u0103torilor din \u021bar\u0103 \u0219i de peste hotare;<\/li>\n<li>incurajeaz\u0103 autorii care prezint\u0103 articole bazate pe dovezi \u0219tiin\u021bifice \u0219i care utilizeaz\u0103 metode moderne de investiga\u021bie \u00een cercetare;<\/li>\n<li>faciliteaz\u0103 accesul la materialele \u0219tiin\u021bifice, prin diseminarea metodelor \u0219tiin\u021bifice de investigare;<\/li>\n<li>promoveaz\u0103 tinerii cercet\u0103tori, doctoranzii prin publicarea articolelor \u0219tiin\u021bifice;<\/li>\n<li>disemineaz\u0103 normele etice \u00een avansarea normelor culturale.<\/li>\n<\/ul>\n<p>\u00cen Revist\u0103 se public\u0103 articole ce eviden\u021biaz\u0103 cele mai relevante subiecte privind evolu\u0163ia \u015fi transform\u0103rile actuale \u00een sistemul educa\u021bional na\u021bional \u0219i interna\u021bional, ritmurile alerte ale cercet\u0103rii \u015fi inov\u0103rii \u00een domeniul \u015ftiin\u0163elor educa\u0163iei \u0219i psihologiei. Propun\u00e2nd publicului larg cele mai semnificative rezultate ale cercet\u0103rilor \u00een sfera teoriei \u015fi practicii domeniilor <em>\u0218tiin\u021be ale Educa\u021biei<\/em> \u00a0\u015fi <em>Psihologiei,<\/em> revista spore\u0219te patrimoniul acestora cu lucr\u0103ri de valoare \u015fi extinde aria de interes pentru spa\u0163iul educa\u0163ional din Republica Moldova.<\/p>\n<p>\u00cen cele 4 numere ale revistei, editate trimestrial<strong>,<\/strong>\u00a0sunt publicate articole \u015ftiin\u0163ifice semnate de cercet\u0103tori, cadre \u0219tiin\u021bifico-didactice universitare \u0219i doctoranzi, \u00a0alte persoane interesate de \u015ftiin\u0163ele pedagogice \u015fi psihologice, de teoria \u015fi practica educa\u0163iei.<\/p>\n<p>Revista cuprinde un spectru amplu de lucr\u0103ri\u00a0\u00eencadrate \u00een rubricile<em>\u00a0\u015etiin\u0163ele pedagogice: inova\u0163ie \u015fi modernizare, Politici educa\u0163ionale, Cultura educa\u0163iei, Didactica disciplinelor \u015fcolare, Psihologie social\u0103, Psihologie pedagogic\u0103, Dezvoltare profesional\u0103, Managementul educa\u0163ional \u0219i leadership, Bune practici educa\u0163ionale,<\/em>\u00a0<em>Cultura educa\u021biei, Filosofia educa\u021biei, <\/em>de asemenea oglinde\u015fte evenimente \u015fi personalit\u0103\u021bi marcante \u00een domeniul de referin\u0163\u0103, ultimele apari\u0163ii editoriale etc.<\/p>\n<p><em>Revista este deschis\u0103\u00a0spre societatea bazat\u0103 pe cunoa\u015ftere<\/em>,\u00a0sporind educa\u0163ia prin valori \u015fi pentru valori, fiind ancorat\u0103 \u00een actualitate cu perspectivele unui viitor durabil, raliat la spa\u0163iul \u015ftiin\u0163ific \u015fi educa\u0163ional european.<\/p>\n<p>Revista are scopul de a oferi un acces u\u0219or la publicarea unor cercet\u0103ri \u0219tiin\u021bifice valoroase \u0219i autentice.<\/p>\n<p>V\u0103 invit\u0103m s\u0103 expedia\u021bi articolele \u0219tiin\u021bifice prin e-mail: <a href=\"mailto:iseneluvicol@gmail.com\">iseneluvicol@gmail.com<\/a>; vicol.nelu@upsc.md<\/p>\n<\/div>\n","protected":false},"excerpt":{"rendered":"<p>Revista a luat fiin\u021b\u0103 din dorin\u021ba de a pune la dispozi\u021bie comunit\u0103\u021bii educa\u021bionale studiile \u0219i cercet\u0103rile \u0219tiin\u021bifice din \u021bar\u0103 \u0219i din str\u0103in\u0103tate. \u00cen conformitate cu obiectivele stabilite\u00a0 ce reprezent\u0103, la nivel academic na\u021bional \u0219i interna\u021bional, un forum promotor al \u0219tiin\u021bei \u0219i educa\u021biei, revista propune comunit\u0103\u021bii educa\u021bionale publicarea celor mai importante studii \u0219i cercet\u0103ri \u0219tiin\u021bifice relevante &#8230;<\/p>\n","protected":false},"author":1,"featured_media":0,"parent":0,"menu_order":0,"comment_status":"closed","ping_status":"closed","template":"","meta":{"footnotes":""},"class_list":["post-714","page","type-page","status-publish"],"_links":{"self":[{"href":"https:\/\/up.upsc.md\/index.php?rest_route=\/wp\/v2\/pages\/714","targetHints":{"allow":["GET"]}}],"collection":[{"href":"https:\/\/up.upsc.md\/index.php?rest_route=\/wp\/v2\/pages"}],"about":[{"href":"https:\/\/up.upsc.md\/index.php?rest_route=\/wp\/v2\/types\/page"}],"author":[{"embeddable":true,"href":"https:\/\/up.upsc.md\/index.php?rest_route=\/wp\/v2\/users\/1"}],"replies":[{"embeddable":true,"href":"https:\/\/up.upsc.md\/index.php?rest_route=%2Fwp%2Fv2%2Fcomments&post=714"}],"version-history":[{"count":12,"href":"https:\/\/up.upsc.md\/index.php?rest_route=\/wp\/v2\/pages\/714\/revisions"}],"predecessor-version":[{"id":1042,"href":"https:\/\/up.upsc.md\/index.php?rest_route=\/wp\/v2\/pages\/714\/revisions\/1042"}],"wp:attachment":[{"href":"https:\/\/up.upsc.md\/index.php?rest_route=%2Fwp%2Fv2%2Fmedia&parent=714"}],"curies":[{"name":"wp","href":"https:\/\/api.w.org\/{rel}","templated":true}]}}